13. Let h(k) = 39*a(k) - 6*l(k). Determine h(s).
-9
Let t(g) = 15*g - 141. Suppose -k - 1962 = -219*k. Give t(k).
-6
Let s = -213 + 207. Let u(t) = 2*t - 16. Let k(c) = 2*c - 15. Let l(j) = s*k(j) + 5*u(j). Determine l(6).
-2
Let m(o) = -o**3 + 16*o**2 + 6*o - 16. Let r(g) = -g**3 + 17*g**2 + 5*g - 15. Let d(t) = 7*m(t) - 6*r(t). What is d(11)?
-11
Let b(g) = -g - 26. Let i(p) = -6*p - 127. Let z(j) = 30*b(j) - 6*i(j). Determine z(7).
24
Let i(a) = -a**3 - 5*a**2 - a + 7. Let c be ((-8)/(-2))/4*10. Suppose -5*d + 0*d = -c. Let h be 2*((-1)/d + -2). Give i(h).
12
Let w(g) = 14*g**3 + 6*g**2 + 74*g + 12. Let s(x) = 17*x**3 + 7*x**2 + 89*x + 13. Let l(y) = -5*s(y) + 6*w(y). Give l(2).
1
Suppose 0 = 8*y - 6 - 34. Suppose -y*k = -0*k + 5, -5*k = 2*n - 31. Let r(f) = 4 + f + 5 - n. What is r(5)?
-4
Let q = 156 - 166. Let d(p) = 7*p + 9. Let w(t) = -15*t - 18. Let o(k) = k**3 - 6*k**2 + 8*k - 21. Let u be o(5). Let l(f) = u*w(f) - 13*d(f). Calculate l(q).
1
Let b(j) = j**3 + 1. Let r(a) = a**3 - 6*a**2 - a + 14. Let q be r(6). Let s = q - 5. Let p = s - 3. What is b(p)?
1
Let s(x) = -38*x - 5. Suppose 5*l = -4*c - 6, 10 = 4*c - 18*l + 15*l. Calculate s(c).
-43
Let t(s) = s**3 - 25*s**2 + 26*s - 36. Let o be t(24). Suppose -o = -0*d - 4*d. Let r(k) = 2*k**3 - 5*k**2 + 4*k - 1. Determine r(d).
20
Let s(l) = -l**2 + 11*l + 27. Suppose 3*r = -5*t + 1929, 4*r + 0*r + 4*t - 2564 = 0. Let j = r + -625. What is s(j)?
1
Let k(g) = -2*g - 28. Let x(c) = 71*c + 1897. Let b be x(-27). Calculate k(b).
12
Let u be (0 + 21/4)/((-23)/(-276)). Suppose -9*k + 126 + u = 0. Let l(b) = 23*b + 8 + k*b - 50*b. What is l(7)?
-34
Let x be 54/(-36) + (-3)/(-2). Suppose -67*r + 70*r + 27 = x. Let j(h) = -h - 10. Calculate j(r).
-1
Suppose 4*o + 0*y - 109 = y, 0 = -2*o - 2*y + 52. Let b(r) = -19*r - 21*r + o*r - r**2 + 2*r**2 + 7. Calculate b(13).
7
Let v(s) be the third derivative of -1/120*s**6 - 1/8*s**4 - 1/10*s**5 + 0 + 3*s + 2/3*s**3 + 18*s**2. Give v(-5).
-6
Let n = -15 + 9. Let r be (-111)/(-21) - n/(-21). Let s(w) = -w + r - 3*w + w + 2*w. Determine s(3).
2
Let q(t) = 2*t + 15. Suppose 0 = -443*h + 440*h - 3*z - 15, z = -3*h - 15. Calculate q(h).
5
Let y(g) = -7*g + 7*g + 2*g - 96 - 2*g - 5*g. Let t be y(-17). Let l(f) = -2*f - 27. Give l(t).
-5
Let c(a) = 67*a**3 - 3*a - 6 - 68*a**3 + 2*a**2 - 7*a**2. Let o = 3233 + -3237. What is c(o)?
-10
Let r(p) = p**2 + 9*p + 8. Let m be r(-6). Let g(c) be the third derivative of -c**5/60 - 3*c**4/8 + 7*c**3/3 + 48*c**2. What is g(m)?
4
Let v(s) = -s**2 - s - 1. Let m(x) = 12*x**2 - x + 3. Let i(h) = -m(h) - 2*v(h). Calculate i(-1).
-14
Let k(i) = -i**3 - 91*i**2 - 432*i - 162. Let m be k(-86). Let f(n) be the first derivative of 2*n + 3/2*n**2 - 1/3*n**3 + m. What is f(4)?
-2
Let p = -8153 + 8155. Let f(x) = 12*x - 3. Let o(k) = 59*k - 15. Let c(d) = -11*f(d) + 2*o(d). What is c(p)?
-25
Let b(h) = -h**3 + 5*h**2 - 2*h + 3. Let a be (-4)/(-1) - (9/(-3) - 1). Let m(l) = l**2 + 6*l + 1. Let y be m(-9). Suppose -d - y = -a*d. Determine b(d).
11
Let o(j) = 3*j - 5. Let a(z) = -5*z + 8. Let b be (-5 - 24/4) + 3. Let d(v) = b*o(v) - 5*a(v). Give d(-6).
-6
Let t = 649 - 643. Let x(f) = 39665*f + t - 3*f**2 - 39676*f + 4*f**2. What is x(11)?
6
Let g = -112 + 121. Let o(y) = y - 6 + 2 + 15 + y - 3*y. Give o(g).
2
Let o(z) = 86*z + 112. Let k(n) = -16*n - 23. Let w(s) = -11*k(s) - 2*o(s). Give w(-4).
13
Let b(k) = 10 + 4*k + 3 - 3. Suppose 76 = 19*u, 4*c + 19 = u - 13. Give b(c).
-18
Let j(f) = 5*f - 1. Let h(p) = 464*p + 3241. Let s be h(-7). Give j(s).
-36
Suppose -2*k = 1 + 1. Let n(c) = 3*c**2 - 5*c + 1. Let s be n(2). Let u(v) = -16 - 6*v**s - 24 + 2*v**2 + 41 + 2*v. What is u(k)?
7
Let b be 10*1*(-20)/(-50). Let x be -1*(12/4 - 1) - b. Let t(l) = l**3 + 7*l**2 + 6*l + 1. Determine t(x).
1
Let w(m) = -m**3 + m**2 + 13*m - 16. Let v be w(5). Let r = v + 53. Let d(a) = 9*a - 6. Let p(h) = 4*h - 3. Let c(n) = -3*d(n) + 5*p(n). Calculate c(r).
-11
Let m(r) = -r**2 - 10*r + 47. Suppose -41 = 3*i + n, 10*n - 12*n - 52 = 4*i. What is m(i)?
-28
Let s = 22 + -24. Let i be (-13 + 4)/3*s. Let f be -2 + i - 3 - 7. Let q(y) = -3*y - 3. Determine q(f).
15
Let u(k) be the first derivative of k**3 + 21*k**2 + 7*k - 1812. Give u(-14).
7
Let i(l) = -l**3 + 13*l**2 - 13*l + 14. Let a be i(12). Let s(g) be the second derivative of -14*g + 1/6*g**3 + 0 + g**a. Calculate s(0).
2
Let g(q) be the third derivative of q**6/120 + 7*q**5/60 + 5*q**4/24 - 2*q**3/3 - 110*q**2 + 4. Give g(-4).
24
Let w(t) = -5 - 3*t + 0*t**3 - t**3 + 0*t**3 + t**2 + 3. Suppose -847*c - 7 = -857*c + 23. Determine w(c).
-29
Let g(o) = o - 1. Suppose -144 = 5*d - 11*d. Suppose -184*c + 181*c = d. Give g(c).
-9
Let z be (184 + (-5 - 0))*1. Let b = z + -173. Let t(n) be the first derivative of -n**4/4 + 7*n**3/3 - 3*n**2 + 2*n + 8. Give t(b).
2
Suppose -d = -v - 4*d - 5, -7 = -5*v + d. Let t(q) = v - 2519*q**2 - 2515*q**2 - q + 5033*q**2. Suppose -5*a = -3*o - 31, 0 = 5*o - o - 3*a + 23. Give t(o).
-1
Let q(r) be the third derivative of -r**5/60 - r**4/3 + r**3/6 + 4*r**2. Let l be q(-11). Let h = l + 39. Let x(i) = i**2 - 8*i + 10. What is x(h)?
3
Let h(w) = 2*w**2 + 1. Suppose -11*r = 580 - 613. Suppose 0 = 4*k - 2*x - 6, 0 = 4*k - 0*k - 4*x + 4. Suppose -i - k = -r. Calculate h(i).
3
Let l(i) = 3*i + 1. Let s(g) = -29*g**2 - 2*g - 16. Let d be s(-3). Let n = d + 268. Calculate l(n).
-8
Let n(h) = 10*h**3 + 6*h**2 - 34*h - 29. Let q(z) = 3*z**3 + 2*z**2 - 10*z - 9. Let k(w) = 2*n(w) - 7*q(w). What is k(-3)?
8
Suppose 0*r + 5*d - 125 = -5*r, 2*r - d = 35. Let n = 19 - r. Let u be n + -2 - 2 - -5. Let j(l) = l**3 - l**2 - l - 17. What is j(u)?
-17
Let r(l) = 4*l + 1. Let x be r(1). Let s(v) be the first derivative of -1/2*v**2 + 14 + 6*v. What is s(x)?
1
Let s(z) = -5*z**2 - 20*z - 15. Let a(k) = -3*k**2 - 13*k - 10. Let n(y) = -8*a(y) + 5*s(y). Suppose 10*q + 3*l = 5*q + 37, 3*q = 3*l + 3. Calculate n(q).
0
Let l(p) = p + 3*p - 8 + 0*p - 1 - 5*p. Let c = -11 - -14. Suppose -c*q = -y - 6*q - 5, 0 = -5*q. Calculate l(y).
-4
Let s(d) = -d**3 - 3*d**2 + 4*d - 3. Let c = -316 - -318. Let g be c + (-9 + 3)/(1/1). What is s(g)?
-3
Let f(k) be the second derivative of 0 + 3/2*k**2 - 36*k - 1/6*k**3. Determine f(0).
3
Let t(h) = h**2 + 5. Let q be t(0). Suppose 0 = 4*l - 3 - q. Let z(o) = -6*o**2 - 16*o + o**3 + 27*o - 8*o - l + 6. Give z(5).
-6
Let k(x) = -2*x + 12 + 3*x + 0*x. Let v(i) = -19*i**3 + 2*i**2 + 6*i + 5. Let q be v(-2). Suppose 0*t = -17*t - q. What is k(t)?
3
Let s(x) = -46*x + 81*x - 48*x - 1. Let k be ((-2)/(-3) + (-28)/6)/(-2). Suppose -10*h = -k*h + 8. Give s(h).
12
Let a(r) be the first derivative of r**4/4 + 7*r**3 + 15*r**2/2 - 61*r - 7031. Calculate a(-20).
39
Suppose -93*c - 25 - 440 = -0. Let p(j) = -j**3 - 2*j**2 - 6*j - 4. What is p(c)?
101
Let c(q) be the second derivative of q**4/6 + q**3/2 - 116*q**2 + 187*q. Let i(v) be the first derivative of c(v). What is i(-5)?
-17
Let t(o) = -o**2 - 8*o + 9. Let h(b) = b - 1. Let m(i) = 18*h(i) + 2*t(i). Let j be 3 + 5 + (-17 - (-4 - 2)). Determine m(j).
-24
Let d = 83 + -80. Let f(m) = 2*m**2 + m - 1. Let y(b) = -5*b**2 - 2*b + 6. Let p(o) = 2*f(o) + y(o). Calculate p(d).
-5
Let n(p) = p**2 - 9*p - 1. Let l(i) = 41*i + 205. Let r be l(-14). Let o = r - -378. Give n(o).
-1
Let l(x) be the third derivative of -x**6/120 - x**5/15 - 5*x**4/24 - 7*x**3/6 - x**2 + 12. Suppose 3*t + 15*m + 23 = 13*m, 5*t - 4*m = -9. Determine l(t).
43
Let n(i) be the third derivative of -1/2*i**3 + 0*i + 1/30*i**5 + 171*i**2 + 0 + 0*i**4. Calculate n(3).
15
Let x(z) = z + 9. Suppose -124 = -4*g + 2*c, -4*c = 3*g + 23 - 105. Suppose 16*y = y - g. Let i be (y/3)/(4/30). What is x(i)?
4
Let d(m) be the second derivative of -m**3/6 + m**2/2 - 3*m + 9. What is d(-5)?
6
Let k(a) = a**2 + 4*a. Let n be (1/((-10)/(-12)))/((-21)/70). Let o(r) = -19*r - 34. Let d be o(n). Let f = d - 46. Determine k(f).
0
Suppose l + 5 = -2*f, -5*f = -2*l + 5*l + 13. Let d(s) = -9*s**2 - 6*s - 5. Give d(f).
-29
Suppose 0 = -5*y - 3*v - 5 - 1, y - 9 = -4*v. Let c(i) be the first derivative of 25 - 3*i + 3/2*i**2. Determine c(y).
-12
Let k(t) = -10*t**2 + 60*t + 321. Let p(h) = -2*h**2 + 15*h + 77. Let w(o) = -2*k(o) + 9*p(o). Calculate w(-7).
44
Let s(t) be the first deri